2*d. Let r = 950 - 1497. Let q = p - r. Is q prime?
False
Let v be -5 - (-6 - (1 + 3)). Is (0/v)/6 - -19 a prime number?
True
Suppose -p + 6*p = 8020. Let v = -551 + p. Let g = 2204 - v. Is g composite?
False
Suppose 51*j - 26*j = 21*j + 453972. Is j prime?
False
Let v = -57354 + 90601. Is v a prime number?
True
Let a be -46*((-183)/10 + (-1)/5). Let x = 524 - a. Let t = 626 + x. Is t a prime number?
False
Suppose 9401 = r - 5*k, -3*k + 37466 = -0*r + 4*r. Is r prime?
True
Suppose 0 = -15*x + 94 + 161. Suppose -b = -12*c + x*c - 3237, -4*b = 3*c - 1949. Is c a composite number?
False
Let j(v) = 11162*v**2 + 55*v + 158. Is j(-3) composite?
True
Let x(w) = 10 - w**2 - 8 + 1 + 0. Let l be x(0). Suppose 0*k - 5*b + 502 = 3*k, -l*k + 472 = -b. Is k a prime number?
False
Is ((-23251)/2)/(11/(176/(-8))) a prime number?
True
Let u = -2022 + 3392. Suppose 0 = 7*p - 2312 - u. Is 1/(2/p*(5 + -4)) a composite number?
False
Suppose -16*q + 303 = -17*q. Let s = q + 3090. Is s prime?
False
Let q(z) = -3395*z + 89. Let v be q(-14). Suppose -20*p + v = -111641. Is p prime?
True
Let b(m) = -m**2 + 9*m - 12. Let p be b(6). Is 207/6*2/p*326 a composite number?
True
Is (-244886)/((8/(-32))/(4/32)) composite?
False
Is ((-11316408)/1746)/((-13)/9 + 1) prime?
False
Let t = 1447183 + 130586. Is t composite?
True
Suppose -8*i + 11*i - 3*h - 27 = 0, 4*i - 2*h = 28. Suppose 0 = i*l - 1206 + 151. Is l prime?
True
Let o = 63 - 45. Let x be 6/(-36) - (-213987)/o. Suppose -x - 1240 = -12*q. Is q a composite number?
True
Let i(c) be the second derivative of c**4 - 7*c**3/3 + 7*c**2/2 - 23*c. Let r be i(18). Suppose 750 = -11*l + r. Is l a prime number?
True
Let w(q) = 608*q**2 + 13*q - 4. Let s = -9 - -12. Is w(s) composite?
False
Let c be (-2832)/4*(-8)/6. Suppose 1872 + 2231 = -11*w. Let n = c - w. Is n composite?
True
Suppose 5*c - 225 = -3*l, -3*l - 69 + 6 = -c. Suppose -44*b - 33564 = -c*b. Is b a prime number?
False
Let y(o) be the third derivative of 3*o**4/4 - 13*o**3/6 + 38*o**2. Let v be y(-3). Let u = v + 73. Is u a prime number?
False
Let b = -8091 + 23576. Suppose 0 = 5*j - 2*v - 23147, -4*j - 5*v = -b - 3059. Is j a prime number?
False
Let v(r) = -178*r**2 - r. Let b be v(-4). Let z = 8073 - 4048. Let i = z + b. Is i composite?
False
Suppose 5*b = b - 12464. Let h be 49130/(-25) - 1*3/(-15). Let w = h - b. Is w a prime number?
True
Is (-41658112)/(-160) + 5/(-25) prime?
True
Let d(g) = 3*g - 121. Let j be d(39). Is (-858)/j - (54/4 - 13) composite?
True
Let l be (2 - -1) + 5 - 3. Let s(a) = -13*a**2 - 13*a + 9. Let p be s(l). Let i = p + 710. Is i a composite number?
True
Let n = -12353 + 33474. Is n prime?
True
Suppose -11*v = -4*c - 13*v - 8, 0 = -5*c + v - 24. Is (-1)/c - 88333/(-28) prime?
False
Let a(p) = -p**2 - 14*p + 6. Let x be a(-9). Let i = x + -46. Suppose 156 = i*j - j. Is j a prime number?
False
Let m = -17728 + 201011. Is m composite?
False
Is (-6)/(-8) - 44770/(-16)*2 composite?
True
Is 581/249 - 1387124/(-3) composite?
False
Let l(j) = j**3 - 13*j**2 - 15*j + 14. Let t = -24 - -38. Let b be l(t). Suppose -500 = -2*n - 3*x + 4*x, -4*n + 5*x + 994 = b. Is n a composite number?
False
Let w be 2 - (-8)/(-1) - (-5 - -1). Let q be 0*5/(-30) - w. Suppose -5*u - q*x + 6071 = 0, 3190 = 5*u - 5*x - 2860. Is u a composite number?
False
Suppose w = 5*w - 76. Let q(c) = 187*c + 88. Is q(w) a composite number?
True
Let m be (-2 + -4 + 268)*(-62)/(-4). Suppose c + 3649 + m = 5*q, 0 = -2*q - 3*c + 3101. Is q composite?
False
Let g be ((-112)/(-21))/8*9. Let a(l) = 83*l**3 - 6*l**2 - 19*l + 11. Is a(g) composite?
False
Is (((-90)/(-270))/((-2)/113314))/((-2)/6) prime?
False
Let j = -4923 - -7758. Let t = -1336 + j. Is t composite?
False
Let m(k) = 5887*k + 2769. Is m(22) a prime number?
True
Let w = -80 - -56. Let c(g) = 344*g**2 - 1. Let o be c(1). Let q = w + o. Is q composite?
True
Let j(t) = 12273*t**2 - 965*t + 4809. Is j(5) prime?
True
Let u(c) = -28*c - 30*c - c**3 - 6*c**2 - 8 - 16*c + 28 + 6*c**3. Is u(15) a composite number?
True
Suppose -4*v + 4*i = -1605912, 5*v - 3*i - 307344 = 1700036. Is v a composite number?
False
Let v(c) = -c**3 + 3*c**2 - c + 3. Let g be v(-2). Suppose 8*t - 89067 = -g*t. Is t composite?
False
Suppose -1056*g - 1861838 = -1078*g. Is g a composite number?
False
Let b be 30140/11 - (-3)/((-6)/(-4)). Suppose -n = -4*n + b. Is (n/(-6))/(-4 - (-69)/18) a prime number?
False
Let z be (-86)/(-258) + (-203)/(-3) + 0. Suppose z = -3*m + 239. Let w = m - -856. Is w a composite number?
True
Suppose -2*p = 2*y - 812406, -4*y + 5*p + 2253221 = 628373. Is y prime?
True
Let a(n) = -3*n + 9. Let q be a(3). Suppose -9 = 3*x, -5*g + 5*x + 30 = -q*x. Suppose g*j = -8*j + 11759. Is j prime?
True
Let v(i) = -56*i + 10. Suppose 3*l = 56 + 22. Suppose 9*q + 1 = -l. Is v(q) prime?
False
Let d be (-30)/240 + (-69873)/8*-1. Suppose -4*r + 2*r = -d. Is r a prime number?
False
Suppose 4504 = 7*g - 6*g. Suppose -2*t = o - 6*t - 3382, 3*o - 10146 = 5*t. Suppose 2*l - o = g. Is l prime?
True
Let t = 20679 - 11680. Is t composite?
False
Suppose 2*t - 3*o = t + 25721, t - 2*o - 25727 = 0. Is t a prime number?
False
Suppose 0 = 3*f - 2*b - 182428, -2*f + 187*b - 191*b + 121592 = 0. Is f a prime number?
False
Is (-11)/(-352)*-2 + (-7760115)/(-48) a prime number?
False
Let w be -2*7/((-14)/3). Is (6 + (-4101)/w)/(-1) a composite number?
False
Suppose 139*t - 86*t = 3111577. Is t prime?
False
Suppose 9932 = 5*o - 3*n, 5*o - 2*n - 12328 = -2395. Let z = -840 + o. Is z a composite number?
True
Let o be (-10*3/(-9))/((-19)/(-57)). Let k(j) = 20*j + 23. Is k(o) a composite number?
False
Let t(j) = -j**3 - 10*j**2 + 25*j + 15. Let c be t(-12). Suppose -12*n + 15487 = -10*n - c*x, -5*n + 4*x = -38735. Is n a composite number?
True
Suppose -619*r + 32336470 - 8720531 = -78388452. Is r a prime number?
True
Suppose -2*c + 6*c - 4*j + 80 = 0, -3*c = j + 56. Let o = c - -27. Suppose -o*g - 10 + 98 = 0. Is g composite?
False
Let x(o) = o**3 + 3*o**2 - 11*o + 1. Let t be x(-5). Suppose -t*d + 12*d - 4986 = 0. Suppose 0 = 2*u + u - d. Is u prime?
True
Let q be (3416 - (-1 + 0)) + -1. Suppose 12*r - 2880 = 7*r - 3*g, -r = 2*g - 583. Let o = r + q. Is o composite?
False
Suppose d - 9 = j - 7, 0 = -j - 3*d + 10. Is (j/3)/(-8 - (-15385)/1923) a prime number?
True
Let j = -315120 + 511697. Is j a prime number?
False
Is (-3)/33 + ((-1901384)/(-11) - (-78 + 82)) a prime number?
True
Suppose -160674 = -3*z - 5*t, 0 = -2*t - 36 + 30. Is z composite?
True
Suppose -5*p - 2*q = -3*q - 78430, -2*p = 5*q - 31345. Let m = 29638 - p. Is m a prime number?
False
Let y(v) = v**2 - 10*v + 6. Let z be y(6). Let j be (5 - 4)*(z + -1). Let i = j + 590. Is i a composite number?
False
Suppose 2*y - 1445496 = -28*o + 27*o, -o = -5*y + 3613747. Is y a composite number?
False
Suppose -15*h + 38*h + 112*h - 39489795 = 0. Is h a composite number?
False
Let d(g) = 2*g**2 - 7*g**3 - 3*g**2 - 29*g - 18*g**2 + 19 + 17*g. Let y(x) = 20*x**3 + 57*x**2 + 36*x - 58. Let k(q) = -17*d(q) - 6*y(q). Is k(-19) composite?
True
Suppose -8*o - 6*o = 2*o - 1596016. Is o a composite number?
True
Suppose 0 = -2*m - 10, 2*i + 39*m - 429253 = 34*m. Is i composite?
False
Is -4 + 1369 - (-2 + 3 + (2 - -1)) prime?
True
Let j = 687 + -639. Suppose -1043 = -5*y + 4*i + j, -y + 214 = -5*i. Is y a prime number?
False
Is 17 - 5 - -4 - -439833 a composite number?
False
Suppose 5*j - 478272 = -h, -3*h - 29*j = -28*j - 1434914. Is h composite?
True
Suppose j - 3934 = -3*j - 2*h, h = -4*j + 3939. Suppose -j = -2*u + 608. Is u a composite number?
False
Let o = -2545 - -4250. Suppose -3*j = -l + o - 283, -j = -l + 1432. Is l prime?
False
Let h = -441 - 2537. Let c = 1569 - h. Is c a composite number?
False
Suppose 131887 = 51*s - 93697 + 33773. Is s prime?
True
Suppose 5*j - 122 + 32 = 5*n, 0 = -j - n + 14. Is 838434/48 - 6/j prime?
True
Let f = 32 - 19. Suppose -2 = -5*j + f. Suppose -j*x + 5958 = 3*x. Is x composite?
True
Suppose -2*a + 5*a - 6 = 0. Suppose -a*i + 4316 = -4646. Is i prime?
True
Let c be ((-316)/6)/((-12)/198). Let k be (469 - (-1 - -10))*12/(-5). Let q = c - k. Is q prime?
True
Suppose -27*w + 3*w + 29352 = 0. Let r = 216 + w. Is r a composite number?
False
Suppose 7*c + 22 = 9*c. Suppose -c*h = -34069 - 35638. Is h 